{"id":546,"date":"2020-09-18T18:24:42","date_gmt":"2020-09-18T16:24:42","guid":{"rendered":"http:\/\/constans-group.pl\/?page_id=546"},"modified":"2026-01-20T08:21:16","modified_gmt":"2026-01-20T07:21:16","slug":"kontakt","status":"publish","type":"page","link":"https:\/\/constans-group.pl\/?page_id=546","title":{"rendered":"KONTAKT"},"content":{"rendered":"<p>[et_pb_section fb_built=&#8221;1&#8243; fullwidth=&#8221;on&#8221; admin_label=&#8221;Hero&#8221; _builder_version=&#8221;4.16&#8243; background_image=&#8221;https:\/\/constans-group.pl\/wp-content\/uploads\/2020\/09\/t1-10-scaled.jpg&#8221; parallax=&#8221;on&#8221; custom_padding=&#8221;0px|0|0px|0px|false|false&#8221; border_color_all=&#8221;#c5310d&#8221; global_colors_info=&#8221;{}&#8221;][et_pb_fullwidth_slider _builder_version=&#8221;4.16&#8243; global_colors_info=&#8221;{}&#8221;][et_pb_slide use_bg_overlay=&#8221;on&#8221; _builder_version=&#8221;4.16&#8243; background_image=&#8221;https:\/\/constans-group.pl\/wp-content\/uploads\/2020\/09\/2468.jpg&#8221; global_colors_info=&#8221;{}&#8221; sticky_transition=&#8221;on&#8221;]&nbsp;<\/p>\n<p>&nbsp;<\/p>\n<p>&nbsp;<\/p>\n<p>&nbsp;<\/p>\n<p>&nbsp;<\/p>\n<p>&nbsp;<\/p>\n<p>&nbsp;<\/p>\n<p>&nbsp;<br \/>\n[\/et_pb_slide][\/et_pb_fullwidth_slider][\/et_pb_section][et_pb_section fb_built=&#8221;1&#8243; admin_label=&#8221;Our Services&#8221; _builder_version=&#8221;4.16&#8243; background_image=&#8221;https:\/\/constans-group.pl\/wp-content\/uploads\/2020\/09\/BAC_1-9-scaled.jpg&#8221; custom_padding=&#8221;54px|0px|29px|0px|false|false&#8221; global_colors_info=&#8221;{}&#8221;][et_pb_row _builder_version=&#8221;4.16&#8243; global_colors_info=&#8221;{}&#8221;][et_pb_column type=&#8221;4_4&#8243; _builder_version=&#8221;4.16&#8243; custom_padding=&#8221;|||&#8221; global_colors_info=&#8221;{}&#8221; custom_padding__hover=&#8221;|||&#8221;][et_pb_text _builder_version=&#8221;4.16&#8243; text_font=&#8221;||||||||&#8221; text_text_color=&#8221;#1a0052&#8243; header_font=&#8221;||||||||&#8221; header_text_color=&#8221;#1a0052&#8243; global_colors_info=&#8221;{}&#8221;]<\/p>\n<p style=\"text-align: left;\"><strong>KONTAKT<\/strong><\/p>\n<hr \/>\n<p>[\/et_pb_text][\/et_pb_column][\/et_pb_row][et_pb_row column_structure=&#8221;3_5,2_5&#8243; _builder_version=&#8221;4.16&#8243; border_width_bottom=&#8221;1px&#8221; global_colors_info=&#8221;{}&#8221;][et_pb_column type=&#8221;3_5&#8243; _builder_version=&#8221;4.16&#8243; custom_padding=&#8221;|||&#8221; global_colors_info=&#8221;{}&#8221; custom_padding__hover=&#8221;|||&#8221;][et_pb_code _builder_version=&#8221;4.27.4&#8243; _module_preset=&#8221;default&#8221; animation_style=&#8221;fold&#8221; hover_enabled=&#8221;0&#8243; sticky_enabled=&#8221;0&#8243;]<iframe src=\"https:\/\/www.google.com\/maps\/embed?pb=!1m18!1m12!1m3!1d1658.9137757167368!2d20.981649617939993!3d53.55371616437817!2m3!1f0!2f0!3f0!3m2!1i1024!2i768!4f13.1!3m3!1m2!1s0x471df7161c6635af%3A0x2a1756fdf8a3a7c6!2sConstans%20Group%20sp.%20z%20o.o.!5e1!3m2!1spl!2spl!4v1768893624188!5m2!1spl!2spl\" width=\"600\" height=\"450\" style=\"border:0;\" allowfullscreen=\"\" loading=\"lazy\" referrerpolicy=\"no-referrer-when-downgrade\"><\/iframe>[\/et_pb_code][\/et_pb_column][et_pb_column type=&#8221;2_5&#8243; _builder_version=&#8221;4.16&#8243; custom_padding=&#8221;|||&#8221; global_colors_info=&#8221;{}&#8221; custom_padding__hover=&#8221;|||&#8221;][et_pb_text _builder_version=&#8221;4.27.4&#8243; animation_style=&#8221;fold&#8221; global_colors_info=&#8221;{}&#8221;]<\/p>\n<p style=\"text-align: right;\">Constans Group Sp. z o.o.<\/p>\n<p style=\"text-align: right;\"><strong>G\u0142\u00f3wna siedziba firmy:<\/strong><br \/><strong>12-100 Szczytno<\/strong><br \/><strong>ul. Z. Sobieszcza\u0144skiego 15\/U1B<\/strong><\/p>\n<hr \/>\n<p style=\"text-align: right;\">wpisany\u00a0 pod numerem KRS: 0000677516 do Rejestru Przedsi\u0119biorc\u00f3w, prowadzonego przez S\u0105d Rejonowy\u00a0w Olsztynie, VIII Wydzia\u0142 Gospodarczy\u00a0 Krajowego Rejestru S\u0105dowego;<\/p>\n<hr \/>\n<p style=\"text-align: right;\"><strong>NIP:\u00a0 745 184 78 54;\u00a0\u00a0\u00a0\u00a0 REGON: 366 47 85 19<\/strong><\/p>\n<hr \/>\n<p style=\"text-align: right;\">Wysoko\u015b\u0107 kapita\u0142u zak\u0142adowego 5 600 z\u0142.<\/p>\n<p>&nbsp;<\/p>\n<p>[\/et_pb_text][\/et_pb_column][\/et_pb_row][et_pb_row column_structure=&#8221;2_5,3_5&#8243; _builder_version=&#8221;4.16&#8243; custom_padding=&#8221;86px|0px|27px|0px|false|false&#8221; animation_style=&#8221;flip&#8221; border_width_bottom=&#8221;1px&#8221; global_colors_info=&#8221;{}&#8221;][et_pb_column type=&#8221;2_5&#8243; _builder_version=&#8221;4.16&#8243; custom_padding=&#8221;|||&#8221; global_colors_info=&#8221;{}&#8221; custom_padding__hover=&#8221;|||&#8221;][et_pb_text _builder_version=&#8221;4.16&#8243; border_width_right=&#8221;1px&#8221; global_colors_info=&#8221;{}&#8221;]<span style=\"font-size: x-large;\"><strong>Sekretariat:<\/strong><\/span><\/p>\n<p>&nbsp;<\/p>\n<p>&nbsp;<\/p>\n<p><strong> T\/F: +48 89\u00a0621 02 75<\/strong><\/p>\n<p><strong>K: +48 505 098 270<\/strong><\/p>\n<p>e-mail: <strong><a href=\"mailto:sekretariat@constans-group.pl\">sekretariat@constans-group.pl<\/a><\/strong><\/p>\n<p>&nbsp;<br \/>\n[\/et_pb_text][\/et_pb_column][et_pb_column type=&#8221;3_5&#8243; _builder_version=&#8221;4.16&#8243; custom_padding=&#8221;|||&#8221; global_colors_info=&#8221;{}&#8221; custom_padding__hover=&#8221;|||&#8221;][et_pb_contact_form email=&#8221;sekretariat@constans-group.pl&#8221; module_id=&#8221;et_pb_contact_form_0&#8243; _builder_version=&#8221;4.16&#8243; _unique_id=&#8221;0b965ae1-8b25-41ef-9dee-421bc0dd417f&#8221; animation_style=&#8221;flip&#8221; global_colors_info=&#8221;{}&#8221;][et_pb_contact_field field_id=&#8221;Name&#8221; field_title=&#8221;Imi\u0119&#8221; _builder_version=&#8221;4.16&#8243; global_colors_info=&#8221;{}&#8221; button_text_size__hover_enabled=&#8221;off&#8221; button_one_text_size__hover_enabled=&#8221;off&#8221; button_two_text_size__hover_enabled=&#8221;off&#8221; button_text_color__hover_enabled=&#8221;off&#8221; button_one_text_color__hover_enabled=&#8221;off&#8221; button_two_text_color__hover_enabled=&#8221;off&#8221; button_border_width__hover_enabled=&#8221;off&#8221; button_one_border_width__hover_enabled=&#8221;off&#8221; button_two_border_width__hover_enabled=&#8221;off&#8221; button_border_color__hover_enabled=&#8221;off&#8221; button_one_border_color__hover_enabled=&#8221;off&#8221; button_two_border_color__hover_enabled=&#8221;off&#8221; button_border_radius__hover_enabled=&#8221;off&#8221; button_one_border_radius__hover_enabled=&#8221;off&#8221; button_two_border_radius__hover_enabled=&#8221;off&#8221; button_letter_spacing__hover_enabled=&#8221;off&#8221; button_one_letter_spacing__hover_enabled=&#8221;off&#8221; button_two_letter_spacing__hover_enabled=&#8221;off&#8221; button_bg_color__hover_enabled=&#8221;off&#8221; button_one_bg_color__hover_enabled=&#8221;off&#8221; button_two_bg_color__hover_enabled=&#8221;off&#8221;][\/et_pb_contact_field][et_pb_contact_field field_id=&#8221;Email&#8221; field_title=&#8221;Tw\u00f3j e-mail&#8221; field_type=&#8221;email&#8221; _builder_version=&#8221;4.16&#8243; global_colors_info=&#8221;{}&#8221; button_text_size__hover_enabled=&#8221;off&#8221; button_one_text_size__hover_enabled=&#8221;off&#8221; button_two_text_size__hover_enabled=&#8221;off&#8221; button_text_color__hover_enabled=&#8221;off&#8221; button_one_text_color__hover_enabled=&#8221;off&#8221; button_two_text_color__hover_enabled=&#8221;off&#8221; button_border_width__hover_enabled=&#8221;off&#8221; button_one_border_width__hover_enabled=&#8221;off&#8221; button_two_border_width__hover_enabled=&#8221;off&#8221; button_border_color__hover_enabled=&#8221;off&#8221; button_one_border_color__hover_enabled=&#8221;off&#8221; button_two_border_color__hover_enabled=&#8221;off&#8221; button_border_radius__hover_enabled=&#8221;off&#8221; button_one_border_radius__hover_enabled=&#8221;off&#8221; button_two_border_radius__hover_enabled=&#8221;off&#8221; button_letter_spacing__hover_enabled=&#8221;off&#8221; button_one_letter_spacing__hover_enabled=&#8221;off&#8221; button_two_letter_spacing__hover_enabled=&#8221;off&#8221; button_bg_color__hover_enabled=&#8221;off&#8221; button_one_bg_color__hover_enabled=&#8221;off&#8221; button_two_bg_color__hover_enabled=&#8221;off&#8221;][\/et_pb_contact_field][et_pb_contact_field field_id=&#8221;Message&#8221; field_title=&#8221;Wiadomo\u015b\u0107&#8221; field_type=&#8221;text&#8221; fullwidth_field=&#8221;on&#8221; _builder_version=&#8221;4.16&#8243; global_colors_info=&#8221;{}&#8221; button_text_size__hover_enabled=&#8221;off&#8221; button_one_text_size__hover_enabled=&#8221;off&#8221; button_two_text_size__hover_enabled=&#8221;off&#8221; button_text_color__hover_enabled=&#8221;off&#8221; button_one_text_color__hover_enabled=&#8221;off&#8221; button_two_text_color__hover_enabled=&#8221;off&#8221; button_border_width__hover_enabled=&#8221;off&#8221; button_one_border_width__hover_enabled=&#8221;off&#8221; button_two_border_width__hover_enabled=&#8221;off&#8221; button_border_color__hover_enabled=&#8221;off&#8221; button_one_border_color__hover_enabled=&#8221;off&#8221; button_two_border_color__hover_enabled=&#8221;off&#8221; button_border_radius__hover_enabled=&#8221;off&#8221; button_one_border_radius__hover_enabled=&#8221;off&#8221; button_two_border_radius__hover_enabled=&#8221;off&#8221; button_letter_spacing__hover_enabled=&#8221;off&#8221; button_one_letter_spacing__hover_enabled=&#8221;off&#8221; button_two_letter_spacing__hover_enabled=&#8221;off&#8221; button_bg_color__hover_enabled=&#8221;off&#8221; button_one_bg_color__hover_enabled=&#8221;off&#8221; button_two_bg_color__hover_enabled=&#8221;off&#8221;][\/et_pb_contact_field][\/et_pb_contact_form][\/et_pb_column][\/et_pb_row][et_pb_row _builder_version=&#8221;4.16&#8243; global_colors_info=&#8221;{}&#8221;][et_pb_column type=&#8221;4_4&#8243; _builder_version=&#8221;4.16&#8243; custom_padding=&#8221;|||&#8221; global_colors_info=&#8221;{}&#8221; custom_padding__hover=&#8221;|||&#8221;][\/et_pb_column][\/et_pb_row][et_pb_row column_structure=&#8221;1_2,1_2&#8243; _builder_version=&#8221;4.16&#8243; custom_padding=&#8221;0|0px|27px|0px|false|false&#8221; global_colors_info=&#8221;{}&#8221;][et_pb_column type=&#8221;1_2&#8243; _builder_version=&#8221;4.16&#8243; custom_padding=&#8221;|||&#8221; global_colors_info=&#8221;{}&#8221; custom_padding__hover=&#8221;|||&#8221;][et_pb_toggle title=&#8221;Dyrektor Operacyjny:&#8221; icon_color=&#8221;#e02b20&#8243; open_icon_color=&#8221;#e02b20&#8243; _builder_version=&#8221;4.17.4&#8243; animation_style=&#8221;fold&#8221; box_shadow_style=&#8221;preset2&#8243; global_colors_info=&#8221;{}&#8221;]<\/p>\n<p>K:\u00a0 570 470\u00a0860<br \/>e-mail: <a href=\"mailto:m.szczerbo-orzol@constans-group.pl\">m.szczerbo-orzol@constans-group.pl<\/a><\/p>\n<hr \/>\n<p>&nbsp;<\/p>\n<p>[\/et_pb_toggle][et_pb_toggle title=&#8221;Dyrektor finansowy:&#8221; icon_color=&#8221;#e02b20&#8243; open_icon_color=&#8221;#e02b20&#8243; _builder_version=&#8221;4.17.4&#8243; animation_style=&#8221;fold&#8221; box_shadow_style=&#8221;preset2&#8243; global_colors_info=&#8221;{}&#8221;]<\/p>\n<p><span>K: 517 160\u00a0092<\/span><br \/><span>e-mail:\u00a0<\/span><a href=\"mailto:s.brygola@constans-group.pl\">s.brygola@constans-group.pl<\/a><\/p>\n<hr \/>\n<p>&nbsp;<\/p>\n<p>[\/et_pb_toggle][et_pb_toggle title=&#8221;Ksi\u0119gowo\u015b\u0107:&#8221; icon_color=&#8221;#e02b20&#8243; open_icon_color=&#8221;#e02b20&#8243; _builder_version=&#8221;4.27.4&#8243; animation_style=&#8221;fold&#8221; box_shadow_style=&#8221;preset2&#8243; global_colors_info=&#8221;{}&#8221;]<\/p>\n<p>&nbsp;<\/p>\n<p>K: 535\u00a0948 058<br \/>e-mail: m.zbrzyska@constans-group.pl<\/p>\n<hr \/>\n<p>K:\u00a0 536 059\u00a0177<br \/>e-mail: e.nagorska@constans-group.pl<br \/>e-mail: k.kwasniewska@constans-group.pl<\/p>\n<p>[\/et_pb_toggle][\/et_pb_column][et_pb_column type=&#8221;1_2&#8243; _builder_version=&#8221;4.16&#8243; custom_padding=&#8221;|||&#8221; global_colors_info=&#8221;{}&#8221; custom_padding__hover=&#8221;|||&#8221;][et_pb_toggle title=&#8221;Kadry &#8211; p\u0142ace:&#8221; icon_color=&#8221;#e02b20&#8243; open_icon_color=&#8221;#e02b20&#8243; _builder_version=&#8221;4.17.4&#8243; animation_style=&#8221;fold&#8221; box_shadow_style=&#8221;preset2&#8243; global_colors_info=&#8221;{}&#8221;]<\/p>\n<p><strong>Kierownik ds. kadr i p\u0142ac:<\/strong><br \/>K:\u00a0 518 077\u00a0357<br \/>e-mail: <a href=\"mailto:a.smulska@constans-group.pl\">a.smulska@constans-group.pl<\/a><\/p>\n<hr \/>\n<p>K:\u00a0 534\u00a0341\u00a0165<br \/>e-mail: <a href=\"mailto:m.napiwodzka@constans-group.pl\">m.napiwodzka@constans-group.pl<\/a><\/p>\n<hr \/>\n<p>K: 533\u00a0863\u00a0419<br \/>e-mail: <a href=\"mailto:w.rosa@constans-group.pl\">w.rosa@constans-group.pl<\/a><\/p>\n<hr \/>\n<p>K:\u00a0 506\u00a0849\u00a0555<br \/>e-mail: <a href=\"mailto:i.mont@constans-group.pl\">i.mont@constans-group.pl<\/a><\/p>\n<hr \/>\n<p>K:\u00a0 570\u00a0707\u00a0906<br \/>K: 570\u00a0303\u00a0401<br \/>e-mail: <a href=\"mailto:e.kulas@constans-group.pl\">e.kulas@constans-group.pl<\/a><\/p>\n<hr \/>\n<p>K: 501 320\u00a0927<br \/>e-mail: <a href=\"mailto:n.wesolowska@constans-group.pl\">n.wesolowska@constans-group.pl<\/a><\/p>\n<hr \/>\n<p>K: 535\u00a0948\u00a0098<br \/>e-mail: <a href=\"mailto:e.dabkowska@constans-group.pl\">e.dabkowska@constans-group.pl<\/a><\/p>\n<hr \/>\n<p>&nbsp;<\/p>\n<p>&nbsp;<\/p>\n<p>&nbsp;<\/p>\n<p>[\/et_pb_toggle][et_pb_toggle title=&#8221;Obs\u0142uga dofinansowa\u0144 i refundacji z PFRON:&#8221; icon_color=&#8221;#e02b20&#8243; open_icon_color=&#8221;#e02b20&#8243; _builder_version=&#8221;4.17.4&#8243; animation_style=&#8221;fold&#8221; box_shadow_style=&#8221;preset2&#8243; global_colors_info=&#8221;{}&#8221;]<\/p>\n<p><strong>Kierownik ds. dofinansowa\u0144 i sprawozdawczo\u015bci:<\/strong><\/p>\n<p>K:\u00a0 517 078\u00a0183<br \/>e-mail:\u00a0<a href=\"mailto:e.cwalina@constans-group.pl\">e.cwalina@constans-group.pl<\/a><\/p>\n<hr \/>\n<p>T:\u00a0 89 624 13 00<\/p>\n<p>K:\u00a0 504 491\u00a0152<br \/>e-mail: <a href=\"mailto:e.kornowska@constans-group.pl\">e.kornowska@constans-group.pl<\/a><\/p>\n<hr \/>\n<p>K:\u00a0 508 634\u00a0701<br \/>e-mail: <a href=\"mailto:m.butkiewicz@constans-group.pl\">m.butkiewicz@constans-group.pl<\/a><\/p>\n<hr \/>\n<p><strong>\u00a0<\/strong><\/p>\n<p><strong>Audyty i optymalizacja PFRON<\/strong><\/p>\n<p>K: 503 025 401<\/p>\n<p>K: 508 146 357<br \/>e-mail: <a href=\"mailto:p.kryszkiewicz@constans-group.pl\">p.kryszkiewicz@constans-group.pl<\/a><\/p>\n<hr \/>\n<p>&nbsp;<\/p>\n<p>[\/et_pb_toggle][et_pb_toggle title=&#8221;Inspektor Ochrony Danych Osobowych:&#8221; icon_color=&#8221;#e02b20&#8243; open_icon_color=&#8221;#e02b20&#8243; _builder_version=&#8221;4.17.4&#8243; animation_style=&#8221;fold&#8221; box_shadow_style=&#8221;preset2&#8243; global_colors_info=&#8221;{}&#8221;]<\/p>\n<p>T: 697 727 802<\/p>\n<p>e-mail: <a href=\"mailto:ido@constans-group.pl\">ido@constans-group.pl<\/a><\/p>\n<hr \/>\n<p>&nbsp;<\/p>\n<p>&nbsp;<\/p>\n<p>[\/et_pb_toggle][\/et_pb_column][\/et_pb_row][\/et_pb_section]<\/p>\n","protected":false},"excerpt":{"rendered":"<p>&nbsp; &nbsp; &nbsp; &nbsp; &nbsp; &nbsp; &nbsp; &nbsp; KONTAKT Constans Group Sp. z o.o. G\u0142\u00f3wna siedziba firmy:12-100 Szczytnoul. Z. Sobieszcza\u0144skiego 15\/U1B wpisany\u00a0 pod numerem KRS: 0000677516 do Rejestru Przedsi\u0119biorc\u00f3w, prowadzonego przez S\u0105d Rejonowy\u00a0w Olsztynie, VIII Wydzia\u0142 Gospodarczy\u00a0 Krajowego Rejestru S\u0105dowego; NIP:\u00a0 745 184 78 54;\u00a0\u00a0\u00a0\u00a0 REGON: 366 47 85 19 Wysoko\u015b\u0107 kapita\u0142u zak\u0142adowego 5 600 [&hellip;]<\/p>\n","protected":false},"author":2,"featured_media":0,"parent":0,"menu_order":0,"comment_status":"closed","ping_status":"closed","template":"","meta":{"_et_pb_use_builder":"on","_et_pb_old_content":"","_et_gb_content_width":"","footnotes":""},"class_list":["post-546","page","type-page","status-publish","hentry"],"_links":{"self":[{"href":"https:\/\/constans-group.pl\/index.php?rest_route=\/wp\/v2\/pages\/546","targetHints":{"allow":["GET"]}}],"collection":[{"href":"https:\/\/constans-group.pl\/index.php?rest_route=\/wp\/v2\/pages"}],"about":[{"href":"https:\/\/constans-group.pl\/index.php?rest_route=\/wp\/v2\/types\/page"}],"author":[{"embeddable":true,"href":"https:\/\/constans-group.pl\/index.php?rest_route=\/wp\/v2\/users\/2"}],"replies":[{"embeddable":true,"href":"https:\/\/constans-group.pl\/index.php?rest_route=%2Fwp%2Fv2%2Fcomments&post=546"}],"version-history":[{"count":14,"href":"https:\/\/constans-group.pl\/index.php?rest_route=\/wp\/v2\/pages\/546\/revisions"}],"predecessor-version":[{"id":789,"href":"https:\/\/constans-group.pl\/index.php?rest_route=\/wp\/v2\/pages\/546\/revisions\/789"}],"wp:attachment":[{"href":"https:\/\/constans-group.pl\/index.php?rest_route=%2Fwp%2Fv2%2Fmedia&parent=546"}],"curies":[{"name":"wp","href":"https:\/\/api.w.org\/{rel}","templated":true}]}}